 n = -8 + 2. Let t be d(n). Suppose -3*l + 336 = -v, -l + t*l + 5*v = 580. Is l a composite number?
False
Suppose 2*q + 93 - 658 = -3*w, -5*w = 5*q - 1410. Suppose 2*m = -0*m + 10. Suppose 4*f - 4*z - q = -z, 2*z - 380 = -m*f. Is f prime?
False
Let y(i) = 54*i + 59. Suppose 3*d = -p + 5, -3*d = 4*p - 4*d - 33. Is y(p) a prime number?
True
Is (23756/(-16))/(12/(-48)) a prime number?
True
Is (-29)/87 - 297170/(-15) a prime number?
False
Let t(v) = -3*v + 5*v + 1 + 379*v**2 - 9*v + 6*v. Let j be t(-1). Let p = j - 58. Is p a composite number?
True
Let x be 1/(-1 + 0 - (-4)/3). Suppose x*g = -1 + 70. Is g composite?
False
Let j(l) = -4*l**2 - 1205*l + 5 + 0 - 23*l**3 + 1209*l. Is j(-4) prime?
False
Suppose 4*v - 18382 - 29335 = -5*r, r - 9556 = -5*v. Suppose 0 = 3*d - 5*z - 5735, 4*z + r = -d + 6*d. Is (-2)/(-4) - d/(-10) composite?
False
Let k(u) = 134*u**2 + 31*u - 27. Is k(20) a prime number?
True
Is (-9411)/((-40)/(-16) - 4/1) composite?
True
Let y(x) = 4*x**2 + 15*x + 10. Suppose -4*p - 33 = -p. Is y(p) prime?
False
Let y be 1/(10/(-335))*-34. Let p = y - 4. Is p a prime number?
False
Let c = 851 - -158. Is c a composite number?
False
Is (41357/5)/((-2)/(-10)) a prime number?
True
Let n = -731 + 1133. Let i = 125 + 14. Let j = n - i. Is j prime?
True
Let k = 13 - 10. Suppose -k*a + 0*n + 11 = n, -2*n = 2. Suppose h - 555 = -a*h. Is h composite?
True
Suppose 2*z + 10 = -3*z, 2*g + z = -98. Let r be (-12)/24*(-4 - 0). Is (-3240)/g + r/(-4) prime?
True
Let u(y) = -y**3 - 24*y**2 + 16*y + 26. Is u(-33) a composite number?
True
Is (-10249 - (-7 - -5)*1)/(-1) composite?
False
Let u be 3 - 5 - 0/(-1). Let f(y) = -39*y + 4. Let o be f(u). Suppose 2*b + k = o + 216, 0 = 2*b - 2*k - 298. Is b a composite number?
False
Suppose 3 + 7 = 2*v. Let x = v - 0. Suppose c + 2 = 2*c, -5*c = x*s - 2835. Is s a prime number?
False
Let l = -1281 + 2698. Is l prime?
False
Suppose 0 = 5*s - 123 - 97. Let d = 101 + s. Is d a prime number?
False
Let w(u) = -2*u**3 + 36*u**2 + 5*u - 40. Is w(-23) a prime number?
True
Suppose 1353 = 5*t + 463. Is t a prime number?
False
Let i = 3544 + -1635. Is i prime?
False
Suppose 0 = -6*d + 7*d - 7. Suppose -3 + d = s. Is s prime?
False
Let x = 0 - -1. Suppose -5*t = 4*z - x, -5*t = 2*z - 10*t - 23. Suppose 177 = -g + z*g. Is g a prime number?
True
Let b(c) = -13*c - 3. Suppose 4*r + 2 = 74. Suppose 0 = 4*l - 2 + r. Is b(l) composite?
True
Suppose 26*j = 28*j - 80. Suppose 2794 = -j*z + 42*z. Is z a prime number?
False
Suppose 0 = 3*j - 2*j - 5. Suppose 0 = j*g - b - 25160, -5*b = -0*g - g + 5008. Is g composite?
True
Suppose b + 4*v - 919 = -0*b, 5*v = -4*b + 3720. Suppose -50*y + 45*y + b = 0. Is y prime?
False
Suppose -4*u + 806 - 4522 = 0. Let x = u - -1576. Is x prime?
True
Suppose 8*z - 549232 + 23144 = 0. Is z a composite number?
False
Suppose -u + 3*y + 613 = -49, -4*u + 2648 = y. Let r = 1108 - u. Is r prime?
False
Let l(t) = -t**3 - 7*t**2 + 7*t - 1. Let b be l(-8). Suppose -z - 3*c + 109 = 0, 3*z - b*c - 307 = -11*c. Is z a prime number?
True
Is 1900 + (-1)/((6 - 2)/(-12)) prime?
False
Is 2/7 - 423288/(-56) a composite number?
False
Suppose -17*c = -22*c + a + 5195, 4*c - 4*a = 4156. Is c composite?
False
Suppose 3*i + 4*l - 3305 = 472, 5*l = 5*i - 6260. Is i a composite number?
True
Suppose -4*r = -11*r + 35. Suppose 0 = -2*i + 3*f + 2*f + 1596, 0 = -r*i + 2*f + 3969. Is i a prime number?
False
Suppose 4 = p, 2*p + 1561 = -2*v + 3*v. Let a = -1084 + v. Is a prime?
False
Let u(f) = 28*f + 31. Is u(16) a composite number?
False
Let y = 1216 - 688. Suppose u - 995 - y = 0. Is u prime?
True
Let b(n) = -1532*n - 32. Let j(l) = -511*l - 11. Let g(w) = 4*b(w) - 11*j(w). Is g(-6) composite?
True
Suppose 8*h + 4354 = 15418. Is h a composite number?
True
Suppose 279 + 396 = 5*d. Let m = d + -56. Is m composite?
False
Let c = -3499 - -26726. Is c a composite number?
False
Let t = -8 + 12. Let v = 77 - 77. Suppose 3*u + 4*r - 275 = v, 0*u + 3*r = -t*u + 376. Is u a composite number?
False
Let y be (-3)/(-1)*15*32. Let k(f) = -257*f**2 - 5*f - 3. Let d be k(-2). Let r = d + y. Is r a prime number?
True
Suppose -3*h = -h - 6. Suppose 2*p = -4*o + 1768, -2*p + h*p - 876 = -4*o. Let f = p + -375. Is f prime?
False
Is (-3 - 5735)/(-1) - 7 prime?
False
Let g(f) = 1944*f**2 + 11*f + 25. Is g(-4) prime?
False
Let p be (-80)/6*81/(-36). Let k be 1/6 + (-65)/p. Is k + 192 + (2 - 1) a prime number?
True
Let u be (-8)/20 - (0 - 20724/10). Let a = u - 1095. Is a a composite number?
False
Let g(b) = b**2 - 6*b - 2. Let w be g(7). Suppose 0 = 2*r - w*r + 201. Is r a composite number?
False
Let v = -160 + 82. Let t be (115/2)/((-12)/(-24)). Let h = v + t. Is h composite?
False
Suppose 0 = 14*a - 5*a - 134829. Is a prime?
False
Suppose 0 = -3*i + 43515 - 7680. Suppose -3*b - 2*b + i = 0. Is b prime?
True
Suppose 2*l - s = 2246, 4492 = -18*l + 22*l - s. Is l a prime number?
True
Let m = -18 - -9. Let u(g) = 4*g**3 + 19*g**2 + 53*g + 44. Let n(l) = l**3 + 5*l**2 + 13*l + 11. Let h(j) = m*n(j) + 2*u(j). Is h(-8) a composite number?
True
Suppose 5*q - 20 = q. Suppose q*m - 2*l = 2843, 147 - 718 = -m + l. Let j = -274 + m. Is j composite?
False
Is ((-103478)/(-310))/(((-3)/(-5))/3) composite?
False
Suppose 0 = 2*a + 1 - 7. Let m(x) = -2 - 7*x - 2*x + x**a + 4*x**2 + 9 + 4*x. Is m(-5) composite?
False
Suppose 8*f + 148494 - 1014358 = 0. Is f a prime number?
True
Suppose 11*s - 60 = 6*s. Suppose 8*d = 5*d + s. Suppose -d*c + 305 = 3*u, 1 = -3*u - 2. Is c composite?
True
Is (-10)/(-25)*(-20)/(-8)*3263 a prime number?
False
Suppose 336 = -3*b + 3*z, 65 = -2*b + 4*z - 157. Let n(a) = a**3 - a**2 + 9*a - 2. Let o be n(6). Let g = o + b. Is g a composite number?
True
Let v = -3 - -9. Let p be (-2234)/(-10) + v/10. Let y = p + -111. Is y a composite number?
False
Let c be 4*-1 - (0 + -6). Is -5 - (-2399)/3 - c/3 prime?
False
Suppose -5*v = 0, 4*p - 2*v = v + 1668. Let x = 946 - p. Is x prime?
False
Let u(c) = c**2 + 2*c + 7. Let s = -2 - -7. Suppose -7*n + 25 = -2*n - 5*w, -s*n = 4*w - 70. Is u(n) a composite number?
False
Let q(p) = p**3 - p**2 - 1. Let x(c) = 11*c**3 - 3*c**2 + 4*c - 8. Let f(n) = -6*q(n) + x(n). Let w be f(3). Let u = 377 - w. Is u composite?
True
Let j(d) = 43*d**3 + 3*d**2 - 72*d + 7. Is j(10) composite?
True
Suppose -c + 4380 = 3*c. Let q = -598 + c. Is q a prime number?
False
Suppose -7129 = -n + 5144. Suppose -n = -4*b - b - 2*a, b - 2*a - 2457 = 0. Is b prime?
False
Suppose -13*d + 14659 + 16684 = 0. Is d a composite number?
False
Is (-2)/9 - (-804560)/144 composite?
True
Suppose n + 0*n - 569 = 3*l, -3*n - 2*l + 1685 = 0. Suppose 0 = 2*d + n - 3693. Is d a prime number?
False
Let j(l) = 3*l**2 - 8*l + 25. Let t(g) = -g**2 + 4*g - 12. Let u(f) = 2*j(f) + 5*t(f). Let s be u(-6). Suppose v + 3 = 0, 0*w + 2*v = s*w - 644. Is w prime?
False
Let n(h) = 292*h**2 - 2*h + 227. Is n(-17) prime?
True
Suppose 3*x + x - 12 = 0. Suppose 0 = 3*a + 4*b - 623, -3*a + 7*b = x*b - 655. Is a composite?
True
Let d = 13 + -8. Suppose 3*t = 11*t - 13632. Is t/d + (-11)/(-55) a composite number?
True
Suppose 3*j + 10 - 26 = -h, -3*j = -h - 8. Suppose -j*n = -4*a - 611 - 233, 3*a + 1055 = 5*n. Is n prime?
True
Let q(s) = s**3 + 11*s**2 + 7*s - 4. Let r be q(-10). Is 2*1*-1*(-3289)/r a composite number?
True
Let c(w) = 1942*w**2 - 21*w + 52. Is c(3) composite?
False
Let a(r) = -872*r + 33. Is a(-13) a prime number?
True
Suppose 1 = -4*r + 21. Let g be (r/(-2))/((-1)/2). Suppose 45 = 8*z - g*z. Is z a composite number?
True
Let z = 1705 - 678. Suppose 0 = k + 2, -4*k = 4*f + f - z. Suppose -5*t - 2*p + 2489 = 0, t - f - 298 = 2*p. Is t a composite number?
False
Suppose -2*u + 11 = -3*p, -p + 5*p - 4 = 0. Let t be 554/(-4) - u/(-14). Is (t/15)/(2/(-10)) prime?
False
Suppose -4*b + 2*j = -38, -2*b - 4*j + 15 = 1. Suppose 0 = 2*c - b + 5. Is 0/c + 931/7 prime?
False
Suppose -43*j + 20678 = -29*j. Is j prime?
False
Let p = 33 - 31. Let j(o) = -p*o**2 + 4*o - o**3 - o**2 + 1 + o. Is j(-6) prime?
True
Suppose -5*q - 3*l = -q - 3631, 4*l + 3624 = 4*q. Is q prime?
True
Suppose -15*w - 3*s = -10*w - 12521, 7515 = 3*w + 3*s. Is w composite?
False
Suppose -3*i + 15307 - 3181 = 3*f, -2*i = -4*f + 16150. Is f prime?
False
Let s(w) = 116*w**2 + 5*w - 3. Let z = 48 + -54. 